{"id":319,"date":"2026-02-06T15:18:59","date_gmt":"2026-02-06T14:18:59","guid":{"rendered":"https:\/\/pila-klein.cz\/?page_id=319"},"modified":"2026-03-05T12:49:57","modified_gmt":"2026-03-05T11:49:57","slug":"rezivo-a-drevo","status":"publish","type":"page","link":"https:\/\/pila-klein.cz\/?page_id=319","title":{"rendered":"\u0158ezivo a d\u0159evo"},"content":{"rendered":"\n<div class=\"wp-block-media-text is-stacked-on-mobile\"><figure class=\"wp-block-media-text__media\"><img fetchpriority=\"high\" decoding=\"async\" width=\"1024\" height=\"768\" src=\"https:\/\/pila-klein.cz\/wp-content\/uploads\/2026\/01\/IMG_20251112_125225-scaled-e1770388103382-1024x768.jpg\" alt=\"\" class=\"wp-image-224 size-full\" srcset=\"https:\/\/pila-klein.cz\/wp-content\/uploads\/2026\/01\/IMG_20251112_125225-scaled-e1770388103382-1024x768.jpg 1024w, https:\/\/pila-klein.cz\/wp-content\/uploads\/2026\/01\/IMG_20251112_125225-scaled-e1770388103382-300x225.jpg 300w, https:\/\/pila-klein.cz\/wp-content\/uploads\/2026\/01\/IMG_20251112_125225-scaled-e1770388103382-768x576.jpg 768w, https:\/\/pila-klein.cz\/wp-content\/uploads\/2026\/01\/IMG_20251112_125225-scaled-e1770388103382-1536x1152.jpg 1536w, https:\/\/pila-klein.cz\/wp-content\/uploads\/2026\/01\/IMG_20251112_125225-scaled-e1770388103382-2048x1536.jpg 2048w\" sizes=\"(max-width: 1024px) 100vw, 1024px\" \/><\/figure><div class=\"wp-block-media-text__content\">\n<p><\/p>\n\n\n\n<p><strong>Stavebn\u00ed \u0159ezivo<\/strong><\/p>\n\n\n\n<p>P\u0159iprav\u00edme v\u00e1m hranoly do d\u00e9lky 12 m, lat\u011b, prkna, fo\u0161ny.<\/p>\n\n\n\n<p><br><strong>Palivov\u00e9 d\u0159evo <\/strong><\/p>\n\n\n\n<p>Zpracov\u00e1v\u00e1me jehli\u010dnat\u00e9 i listnat\u00e9 d\u0159eviny (\u0161t\u00edpan\u00e9 d\u0159evo 25 cm a\u017e 50 cm, metrov\u00e9 d\u0159evo) na palivov\u00e9 d\u0159evo.<\/p>\n\n\n\n<p><\/p>\n<\/div><\/div>\n\n\n\n<p><\/p>\n","protected":false},"excerpt":{"rendered":"<p>Stavebn\u00ed \u0159ezivo P\u0159iprav\u00edme v\u00e1m hranoly do d\u00e9lky 12 m, lat\u011b, prkna, fo\u0161ny. Palivov\u00e9 d\u0159evo Zpracov\u00e1v\u00e1me jehli\u010dnat\u00e9 i listnat\u00e9 d\u0159eviny (\u0161t\u00edpan\u00e9 [&hellip;]<\/p>\n","protected":false},"author":1,"featured_media":0,"parent":0,"menu_order":0,"comment_status":"closed","ping_status":"closed","template":"","meta":{"site-sidebar-layout":"default","site-content-layout":"","ast-site-content-layout":"default","site-content-style":"default","site-sidebar-style":"default","ast-global-header-display":"","ast-banner-title-visibility":"","ast-main-header-display":"","ast-hfb-above-header-display":"","ast-hfb-below-header-display":"","ast-hfb-mobile-header-display":"","site-post-title":"","ast-breadcrumbs-content":"","ast-featured-img":"","footer-sml-layout":"","ast-disable-related-posts":"","theme-transparent-header-meta":"","adv-header-id-meta":"","stick-header-meta":"","header-above-stick-meta":"","header-main-stick-meta":"","header-below-stick-meta":"","astra-migrate-meta-layouts":"default","ast-page-background-enabled":"default","ast-page-background-meta":{"desktop":{"background-color":"var(--ast-global-color-5)","background-image":"","background-repeat":"repeat","background-position":"center center","background-size":"auto","background-attachment":"scroll","background-type":"","background-media":"","overlay-type":"","overlay-color":"","overlay-opacity":"","overlay-gradient":""},"tablet":{"background-color":"","background-image":"","background-repeat":"repeat","background-position":"center center","background-size":"auto","background-attachment":"scroll","background-type":"","background-media":"","overlay-type":"","overlay-color":"","overlay-opacity":"","overlay-gradient":""},"mobile":{"background-color":"","background-image":"","background-repeat":"repeat","background-position":"center center","background-size":"auto","background-attachment":"scroll","background-type":"","background-media":"","overlay-type":"","overlay-color":"","overlay-opacity":"","overlay-gradient":""}},"ast-content-background-meta":{"desktop":{"background-color":"var(--ast-global-color-4)","background-image":"","background-repeat":"repeat","background-position":"center center","background-size":"auto","background-attachment":"scroll","background-type":"","background-media":"","overlay-type":"","overlay-color":"","overlay-opacity":"","overlay-gradient":""},"tablet":{"background-color":"var(--ast-global-color-4)","background-image":"","background-repeat":"repeat","background-position":"center center","background-size":"auto","background-attachment":"scroll","background-type":"","background-media":"","overlay-type":"","overlay-color":"","overlay-opacity":"","overlay-gradient":""},"mobile":{"background-color":"var(--ast-global-color-4)","background-image":"","background-repeat":"repeat","background-position":"center center","background-size":"auto","background-attachment":"scroll","background-type":"","background-media":"","overlay-type":"","overlay-color":"","overlay-opacity":"","overlay-gradient":""}},"footnotes":""},"class_list":["post-319","page","type-page","status-publish","hentry"],"_links":{"self":[{"href":"https:\/\/pila-klein.cz\/index.php?rest_route=\/wp\/v2\/pages\/319","targetHints":{"allow":["GET"]}}],"collection":[{"href":"https:\/\/pila-klein.cz\/index.php?rest_route=\/wp\/v2\/pages"}],"about":[{"href":"https:\/\/pila-klein.cz\/index.php?rest_route=\/wp\/v2\/types\/page"}],"author":[{"embeddable":true,"href":"https:\/\/pila-klein.cz\/index.php?rest_route=\/wp\/v2\/users\/1"}],"replies":[{"embeddable":true,"href":"https:\/\/pila-klein.cz\/index.php?rest_route=%2Fwp%2Fv2%2Fcomments&post=319"}],"version-history":[{"count":5,"href":"https:\/\/pila-klein.cz\/index.php?rest_route=\/wp\/v2\/pages\/319\/revisions"}],"predecessor-version":[{"id":446,"href":"https:\/\/pila-klein.cz\/index.php?rest_route=\/wp\/v2\/pages\/319\/revisions\/446"}],"wp:attachment":[{"href":"https:\/\/pila-klein.cz\/index.php?rest_route=%2Fwp%2Fv2%2Fmedia&parent=319"}],"curies":[{"name":"wp","href":"https:\/\/api.w.org\/{rel}","templated":true}]}}